
Suppose -2*z + 5*d = -13, z + 10 = 3*z - 4*d. Let a be (0 + z)/((-6)/18). Let u(k) = -k + 7. Calculate u(a).
4
Let j(y) = y**3 - 4*y**2 + 4*y - 2. Let p = -43 + 45. Determine j(p).
-2
Let i(t) = 0 + t - 5*t - 3. Let f be 4/(-22) - 1032/132. Let k be 11/(-4) - 6/f. Determine i(k).
5
Let p(a) = -a**2 - 3*a - 2. Let m(v) = -v**2 + 1. Let x(n) = -2*m(n) + p(n). What is x(5)?
6
Let s(p) be the third derivative of -p**4/24 + 5*p**3/6 + 41*p**2. Let i be 1/(-2)*2*-5. What is s(i)?
0
Let n(z) = z**3 + 7*z**2 - 8*z - 1. Let g be 36/(-15)*(-40)/(-12). Calculate n(g).
-1
Let m(r) = r + 3. Let k(l) = -l. Let z(d) = k(d) - m(d). Let t = 1 + -3. Determine z(t).
1
Let v(k) = 26*k - 1 + 22*k - 47*k. Give v(-7).
-8
Let k(j) = -4*j - 4 + j + 7 + 4*j. Let u = 10 + -4. Suppose 0 = -2*z - 0*z + u. What is k(z)?
6
Let u = -7 - -10. Let i(o) = 4*o + 2*o**3 + o**u - 2*o**2 + o**2 - 4*o**3 - 1. Give i(-3).
5
Suppose 0 - 10 = -2*u. Let y(k) = -k**2 + 7*k - 6. Give y(u).
4
Let t(f) be the first derivative of f**4/4 - 3*f**3 + 7*f**2/2 + 6*f + 56. Let u be (-7 - 1)/(-1 - 0). What is t(u)?
-2
Let n(u) be the second derivative of -u**6/120 - u**5/30 + 5*u**4/24 - u**3/2 - 3*u**2/2 + 6*u. Let f(v) be the first derivative of n(v). Determine f(-4).
9
Let t be 0 - (1 + -8) - 3. Let g(v) = -3*v - 19. Let d be 4*(1 + 2/(-4)). Let c(s) = -s - 9. Let f(n) = d*g(n) - 5*c(n). What is f(t)?
3
Suppose -3*h + 7 = r - 11, -4*h = -r - 17. Suppose 0 = -3*m - 4*o, 5*m + o = -h - 12. Let g(w) = -3*w - 3. Determine g(m).
9
Let f be (-4)/(-14) + 10/14. Let t = f - 0. Let w(c) = t - c + 0 + 4. Determine w(0).
5
Let u(g) = g**2 - 5*g + 3*g + 3*g - 2*g - 7. Give u(5).
13
Let w(s) = -s**3 + 10*s**2 + 12*s - 7. Let q = -128 - -139. Give w(q).
4
Let c be ((-6)/(-4))/(6/8). Let j be 0 + 0 + (1 - c). Let s(g) = -4*g + 1. Give s(j).
5
Let x(d) be the first derivative of -3 + d**2 - 1 + 6*d - 1. What is x(-6)?
-6
Let z(s) = -s**3 - 6*s**2 - 7*s - 3. Let k(w) = 64*w**3 - w**2 - 2*w - 1. Let m be k(-1). Let p be m/12 + (-1)/(-3). Calculate z(p).
7
Let n(o) be the first derivative of -o**3/3 - 5*o**2/2 + 5*o - 39. Suppose -5*t = -g - 21, -3*g - 15 = -t + 2*t. What is n(g)?
-1
Let j(q) be the second derivative of q**3/6 + q**2/2 + 4*q. Determine j(2).
3
Let q(f) = 2*f**2 - 6*f + 6. Let g(a) = a**2 + 6*a - 3. Let x be g(-7). Give q(x).
14
Let c(b) be the first derivative of 3*b**2/2 + 6*b + 2. Let a be (-4)/(-3)*(-4 + 1). Give c(a).
-6
Let k(i) = i**3 - 5*i**2 + 3. Suppose -d - 5*q - 6 = -0*d, 2*d - 3*q = 14. Calculate k(d).
-13
Let u(x) = -x**3 - 14*x**2 - 2*x - 12. Let z be u(-14). Suppose 4 = -4*h + z. Let r(f) = 4*f + 2. Give r(h).
14
Let z(m) be the third derivative of -m**5/40 - m**4/24 - m**3/2 - 2*m**2. Let w(a) be the first derivative of z(a). What is w(-2)?
5
Let y(p) = p**2 - 5*p + 6. Let h(g) = g**3 + 6*g**2 - 8*g - 1. Let o be (154/33)/((-4)/6). Let q be h(o). Calculate y(q).
12
Let f(u) be the first derivative of u**4/4 + u - 1. Suppose 3*m = m + 12. Suppose 2*b = -s + 6, -3*s - b + m*b = 15. Determine f(s).
1
Let t = 0 - -2. Let w(b) = 1 - 3*b - b - t*b. Let v be w(1). Let q(f) = f**3 + 5*f**2 - 2*f - 2. Calculate q(v).
8
Let m(n) be the first derivative of n**3/3 + 3*n**2 + 2*n - 1. Let q be (-11 - -10)/(-3 + 32/10). What is m(q)?
-3
Let s(h) = h + 3. Let q(g) = 4*g + 13. Let y(r) = -2*q(r) + 9*s(r). Give y(0).
1
Let x = -104 - -105. Let z(a) = 12*a**2 - 1. Give z(x).
11
Let n(h) = 7*h**2 + 4*h + 9. Let f(l) = -6*l**2 - 4*l - 8. Let x(g) = 6*f(g) + 5*n(g). Give x(-6).
-15
Let k(j) be the first derivative of j**3/3 - 3*j**2 - 4*j - 4. Give k(6).
-4
Let r = 31 + -83. Let a be (-26)/91 - r/(-14). Let v(y) be the second derivative of y**3/3 + 2*y**2 - y. Determine v(a).
-4
Let j be 0*((-4)/2)/4. Let v be 2 + 1 + j + -5. Let h = v - 0. Let i(n) = -n**2 - 2*n - 1. Give i(h).
-1
Let d(z) be the third derivative of -z**2 + 0*z**4 + 0*z**3 + 0*z + 0 + 1/15*z**5. Let m(g) = g**2 - 15*g - 17. Let l be m(16). Calculate d(l).
4
Let a(y) = 2 - y**2 - 5 - 1. Let b = -9 - -9. Determine a(b).
-4
Let p(c) be the third derivative of c**5/60 - c**4/3 - c**3/2 - 8*c**2. What is p(7)?
-10
Let v(p) = p**3 - 5*p**2 + 4*p. Suppose 0*n - 2*n = -10. Suppose 0 = c + 3*l - 1, c - 4*l - 3 - n = 0. Calculate v(c).
0
Let s = 289 - 291. Let c(y) = 3 + 3 + y - 4. What is c(s)?
0
Let u(q) be the second derivative of q**5/20 - q**4/12 + q**3/6 + 3*q**2/2 + q. Suppose -2*v - 2*v + 5*z - 20 = 0, -4 = -3*v - z. Calculate u(v).
3
Let j be 12/7 - 12/(-42). Let x(r) = -11*r**j + 8 - 8 + 0 - r. Calculate x(-1).
-10
Let v(n) = n - 2. Suppose d + d + 3 = 3*x, 2*d - 3 = 5*x. Determine v(d).
-8
Let w(i) = -4*i + 10. Let x(f) = -f + 3. Let r(h) = 2*w(h) - 7*x(h). Let a(b) = -b**2 + 4*b + 8. Let n(g) = a(g) + 3*r(g). What is n(0)?
5
Let c(r) = r**3 - 7*r**2 - 9*r + 6. Let t be c(8). Let z = t + 9. Let g(v) = -z - v - v + 0*v. Calculate g(-5).
3
Let f(q) be the second derivative of q**4/12 - q**3/3 + 3*q**2/2 - 4*q + 2. Determine f(4).
11
Let g(v) = -v**2 + 3*v + 6. Let n(t) = t**2 - 3*t - 5. Let z(w) = 6*g(w) + 7*n(w). Suppose -2*o = m - 8, -2*o - 2*m + 5 + 7 = 0. Determine z(o).
-1
Let d be ((-4)/12)/(2/(-12)). Let y(s) = -13 - s + 6 + d*s. What is y(4)?
-3
Let h(j) = j**2 + 3*j + 3. Let o(s) = 7*s**2 + 13 + 4*s - 3*s - 14. Let g be o(1). Suppose 0 = 4*c + 5 + g. Calculate h(c).
3
Let j be 3/9*3 + 30. Let r(y) = 2 + 4*y**2 - j*y + y**3 + 31*y. What is r(-4)?
2
Suppose -5*a + 3 + 0 = 4*z, 3*z = -5*a + 6. Let h(s) = s + s - s + s**a. Let c = -25 - -24. What is h(c)?
-2
Let z(b) = 2*b + 5. Let r be (2/(-4))/(8/80). Determine z(r).
-5
Let f(l) = -l**3 + 7*l - 11. Let m(g) = -g**3 + g**2 + 6*g - 10. Let o(y) = 4*f(y) - 5*m(y). Give o(5).
-4
Let y(c) be the second derivative of c**7/2520 - c**6/360 - c**5/24 - c**4/3 - 3*c. Let p(u) be the third derivative of y(u). Determine p(4).
3
Let l be 12/20 + 8/20. Let s(h) = -7*h**3 - h**2 + h. Calculate s(l).
-7
Let y(o) = o - 3. Let r(q) be the second derivative of -5*q**3/6 + 8*q**2 + 3*q. Let p(s) = 2*r(s) + 11*y(s). Let n = -1 + 2. What is p(n)?
0
Let c(t) be the first derivative of t**2/2 - t - 2. Let i be 0/(-2) - (3 - 3). Determine c(i).
-1
Let u = 4 + -1. Suppose -5*t = -u*t - 4. Suppose i - 2 = t. Let o(w) = 2*w - 1. Calculate o(i).
7
Let k(y) = -y - 4. Let n be k(-4). Suppose -3*s = -n*s - 3. Let p(j) = -2*j + 1. Determine p(s).
-1
Let h(a) = -a - 2. Suppose -5*p = -2*p + 6. What is h(p)?
0
Let v(r) = -r**2 + 4*r + 7. Let g = 3 - 0. Suppose g*k - 12 = k. Determine v(k).
-5
Suppose 3*c = -5*m + 15, 23 = 4*c - 3*m + 3. Let t(n) = n + 2. What is t(c)?
7
Suppose -4*w + 3*a = -16, 4*a + 8 + 8 = 0. Let g(q) = -q**3 - 7*q**2 - 5*q + 1 - w + 0*q**3 + 4. Calculate g(-6).
-2
Let w = 0 + 3. Let o(h) = w*h - 2*h - h**2 - 6*h - 2. What is o(-6)?
-8
Let s(r) = -r**2 + 6*r + 1. Let d be s(4). Let g = -12 + d. Let f(u) = u**3 + 2*u**2 - 2*u + 1. Determine f(g).
-2
Let a(j) be the third derivative of -j**5/60 + 5*j**4/24 - 5*j**3/6 + j**2. Let r(d) = 3*d - 8. Let h be r(4). What is a(h)?
-1
Let v(a) = 1 + a + 3 + 5. Let j = 156 - 162. Give v(j).
3
Let c(r) = -r - 7. Suppose -3*a = -4*a + 5*i + 27, -5*a + 5*i + 75 = 0. Suppose 5*n - n + a = 0. Let h = 3 + n. What is c(h)?
-7
Let y(u) be the second derivative of -u**5/20 + 5*u**4/12 - u**3/3 + 3*u**2/2 + 16*u. What is y(5)?
-7
Let h(l) = -l**3 + 7*l**2 - 2*l + 2. Suppose -17 = -2*r - 3. Calculate h(r).
-12
Let i(v) be the third derivative of -v**6/360 - v**5/60 + v**3/3 - 2*v**2. Let b(y) be the first derivative of i(y). Suppose 4 = -2*q - 2. Give b(q).
-3
Let v = -6 - -8. Suppose -4*x + 4 + 4 = 0. Let d(a) = -a**2 + 1 + 3*a**x + a**v - 4*a**2. What is d(-2)?
-3
Suppose -2*x + 57 - 49 = 0. Let d(l) = -l**3 + 4*l**2 + 4*l - 5. Calculate d(x).
11
Let h(j) = -j**2 + 7*j + 9. Let p be h(7). Let f be (6/18)/(1/p). Suppose 0 = q - 4*q + f. Let b(g) = -7*g**2. Determine b(q).
-7
Let r(m) be the second derivative of -m**3/6 + m**2/2 - 2*m. Let x = -6 - -1. Let j be (4/x)/((-4)/10). Calculate r(j).
-1
Let p(c) = c**3 - 5*c**2 + 4*c + 1. Let w be p(3). Let n = w - -3. Let q(o) = o**2 - 4 + 3 + 3. Give q(n).
6
Suppose -5*j + 3*y - 3 = -0*y, 5 = 4*j + 5*y. Let g(o) be the third derivative of 1/2*o**3 + j + 2*o**2 + 0*o - 1/120*o**6 - 1/60*o**5 + 0*o**4. What is g(0)?